st the prime factors of y.
2, 3
Let x = 94 + -56. List the prime factors of x.
2, 19
Suppose 12 = -m + 199. List the prime factors of m.
11, 17
Suppose g + 80 = 2*h, -h - h - 2*g = -80. List the prime factors of h.
2, 5
Let o(g) = 10*g - 4. Let z be 1/(-4) - 68/(-16). List the prime factors of o(z).
2, 3
What are the prime factors of (-5538)/(-34) - (-4)/34?
163
Let t(h) = -3*h**2 + 4*h + 26. Let z(f) = f**2 - f - 9. Let m(o) = -2*t(o) - 7*z(o). What are the prime factors of m(0)?
11
Let p be (-2 - (-10)/4)*14. Let q = -4 + p. Suppose -q*m = -7*m + 28. What are the prime factors of m?
7
Let m(i) = i**3 + 2*i + 47. What are the prime factors of m(0)?
47
Let i = 38 + -22. What are the prime factors of i?
2
Let r(t) = t + 50. List the prime factors of r(-12).
2, 19
Let l = 726 + -366. What are the prime factors of ((-2)/(-5))/(9/l)?
2
Suppose 2*k + 3*v - 59 = 0, 4 = -2*v + 6*v. Suppose 6*u - k = 2*u. What are the prime factors of u?
7
Suppose 0 = -0*o + o + d, 3*o - 3*d - 6 = 0. Suppose 0 = 4*t - i - 30 - o, -5*i = -4*t + 11. What are the prime factors of t?
3
Let y = -90 - -178. Suppose 4*l = -4*c + y, 38 = 3*c + l - 38. What are the prime factors of c?
3
List the prime factors of (-88)/33*(6/(-4) + 0).
2
Let h = -2 - -6. Suppose s + 2 = h. List the prime factors of (s/6)/(1/33).
11
Let y = 3 + -3. Suppose 5*u - 3*k = -23 + 1, 4*u + 2*k = y. What are the prime factors of u/8 + (-98)/(-8)?
2, 3
What are the prime factors of (-79 + -1)*(-10)/10?
2, 5
Let y(d) = -d**2 + 16*d + 67. What are the prime factors of y(15)?
2, 41
Let g = 114 + 10. List the prime factors of g.
2, 31
Suppose a - 6*a = 0. Suppose a*b = -b, t - 9 = -3*b. What are the prime factors of t?
3
Suppose -4*z + 14 = 2*a - 0*a, z + 9 = 2*a. Let j = a + 12. List the prime factors of j.
17
Let l = -23 + 13. Let x = 17 + l. What are the prime factors of x?
7
Let l = 156 - 108. Suppose 5*v - l = -4*f + 3*v, f + 5*v - 21 = 0. List the prime factors of f.
11
Let p = -9 + 26. Suppose 5*u - 48 = p. List the prime factors of u.
13
Suppose 5*d - 120 = 210. Let q = -37 + d. Let f = -17 + q. List the prime factors of f.
2, 3
Suppose -j = -3*j + 42. Let r be (4/(-6))/((-14)/j). Let z = r + 5. List the prime factors of z.
2, 3
Let m(w) = -15*w - 11. What are the prime factors of m(-7)?
2, 47
List the prime factors of (2 - 31)*(0 - 1).
29
Let c be 2 + 0/(-2 + 1). Let n be c*(-30)/8*-2. Let r = n + -7. What are the prime factors of r?
2
Let y(i) be the third derivative of -19*i**4/24 - i**3/3 - 2*i**2. List the prime factors of y(-2).
2, 3
Let r = -8 - -13. What are the prime factors of ((-5)/r)/(1/(-2))?
2
Let j(p) = -p**2 + 7*p + 6. Let m be j(8). Let f = 6 - m. List the prime factors of f.
2
Suppose 3*q + 20 = -2*g, -11 - 9 = 2*g - 3*q. Let s = -16 - g. Let n(d) = -d + 3. List the prime factors of n(s).
3
Suppose -3*z - 3*s + 60 = 0, -2*z + 49 - 9 = -3*s. Let v = 18 + -13. Suppose 0 = v*h - 3*h - z. List the prime factors of h.
2, 5
Suppose -100 = -7*p + 19. What are the prime factors of p?
17
Suppose o + 2*b = 6*o - 30, 30 = 5*o + 3*b. Suppose -i - s = -4*i + 26, 0 = -3*i - 3*s + o. What are the prime factors of i?
7
Let x be 112/5 + 8/(-20). Suppose -3*k = -3*u + 2*k, -x = -2*u - 4*k. List the prime factors of u.
5
Let q = 3 - 3. Suppose 0 = 3*d + 3*h - 36, 31 = 5*d - h - 11. Suppose q*y = 3*y - d. What are the prime factors of y?
3
Let f(a) = -6*a - 5. List the prime factors of f(-3).
13
Let a = -67 - -156. What are the prime factors of a?
89
What are the prime factors of 45 + -2 + -1 - 3?
3, 13
Suppose -3*l + 2*j = -182, -2*j + 237 = 4*l + j. What are the prime factors of l?
2, 3, 5
Suppose -2*v + 94 = 18. What are the prime factors of v?
2, 19
Suppose -i = 3*n - 21 + 6, 4*n + i = 20. Let a(s) = s - 2. What are the prime factors of a(n)?
3
Suppose r - 14 = 93. What are the prime factors of r?
107
Suppose q - 3*d + 13 = 0, 0 = 4*q - d + 6*d - 33. List the prime factors of -5*q/(-5) + 33.
5, 7
Suppose 5*y + 3*b - 59 = -0*b, 5*y - b - 47 = 0. Suppose -2*u + 34 = u + 5*i, 5*u - 5*i + y = 0. Let g(q) = q**2 + 1. What are the prime factors of g(u)?
2, 5
Let j = 8 - 6. Suppose -b - j*b = -90. What are the prime factors of b?
2, 3, 5
Suppose -3 - 9 = -3*p. Suppose 120 = p*h + 44. What are the prime factors of h?
19
Let k(a) = 9*a - 16. What are the prime factors of k(7)?
47
Suppose -4*r = i - 14, -3*r = r - 12. Let a be i/(-10) - (-805)/25. Suppose -m + 16 = 2*f, 5*m = 6*f - 4*f + a. What are the prime factors of m?
2
Let y = 55 + -13. List the prime factors of y.
2, 3, 7
Let r be (5/2)/(2/4). Suppose -5*t + 150 = 4*j, 0*j - 103 = -3*t - r*j. List the prime factors of t.
2, 13
Let v(m) be the first derivative of -5*m**4/2 + m + 9. What are the prime factors of v(-1)?
11
Suppose d = 2*k + 4*d - 49, 0 = 4*k - 3*d - 71. Suppose v - k = -3*v. Suppose 5*t + a = 38, -3*a - 6 = -v*a. What are the prime factors of t?
7
Let i(r) = -6*r + 4. List the prime factors of i(-11).
2, 5, 7
Let f = 9 + -3. Let x be 8/f*(-6)/(-4). Suppose 4 = v - x. What are the prime factors of v?
2, 3
Let f = -38 + 11. Let d = -14 - f. What are the prime factors of d?
13
Let k(r) = -r**3 + 8*r**2 + 11*r + 12. What are the prime factors of k(9)?
2, 3, 5
Let n be (-25)/9 + 4/(-18). What are the prime factors of (58/n)/((-2)/3)?
29
Let r(t) = 5*t**2 - t + 1. Let b be r(1). Suppose b*a - 20 = 90. What are the prime factors of a?
2, 11
Let z(p) = -12*p - 1. Let o(f) = f**2 + 3*f - 11. Let a be o(-5). What are the prime factors of z(a)?
11
Let k be (-2)/2*(-11)/1. Suppose 0 = 4*d + 5*p - 130, k + 21 = d + p. Suppose -3*l + l + d = 0. List the prime factors of l.
3, 5
Let y = 261 + -190. List the prime factors of y.
71
Suppose -3*b = -s - 155, -b + 4*s + 59 = -0*b. List the prime factors of b.
3, 17
List the prime factors of 0 - (1 + -292 - 4).
5, 59
Suppose -8*p - 40 = -7*p. List the prime factors of p/30*(-30)/4.
2, 5
List the prime factors of -6*255/12*(-2)/5.
3, 17
Let a be (-1)/(-2) + 45/10. Suppose 5*p + k - 8 = 22, 3*p = -a*k + 40. List the prime factors of p.
5
Suppose 5 - 14 = -3*d. Suppose y = -5*h + 61, 2*y = -y + d. What are the prime factors of h?
2, 3
Let p be 1*((-114)/9 + 4/(-12)). Suppose -5*q = 5*v - q + 31, -2*q = v + 5. Let r = v - p. What are the prime factors of r?
2, 3
Suppose 22 + 11 = -q. List the prime factors of 6/q + 312/22.
2, 7
Let w = -12 + 13. List the prime factors of 35/(-3)*(-4 + w).
5, 7
Suppose 4*d - 5*p = 37, -4*d + 2*d - 14 = 4*p. Suppose 2*x = 2*y - d*y + 23, -4*y + 5*x + 92 = 0. What are the prime factors of y?
23
Suppose -3*h + 6 = -3. Suppose 3*u = -6*y + 4*y + 56, -h*u = -y + 19. What are the prime factors of y?
5
Let o(n) = -n**2 - 7*n - 7. Let c = 16 - 22. Let g be o(c). Let i = g - -10. What are the prime factors of i?
3
Suppose -3*v - b + 22 = 0, 0*b - b = v - 8. Suppose -4*i = 3*u - 54, -2*u - v*i = -2*i - 43. What are the prime factors of u?
2, 7
Suppose -4*j + 3 = -3*x, -x - 1 = -j - 0. Let a be (-15)/(x - 10/(-16)). List the prime factors of (-10)/a - 25/(-4).
2, 3
Let v(r) = 37*r**2 + r. Let y be v(-1). Suppose -o - 3*o = -y. What are the prime factors of (1*-2)/((-2)/o)?
3
List the prime factors of (((-8)/(-2))/(-2))/(7/(-49)).
2, 7
Suppose 2*f - 15 = -f, 0 = k - 3*f. Suppose -k + 7 = -4*r. What are the prime factors of r?
2
Let o(f) = -f**2 - 8*f + 11. Let u be o(-9). Suppose h + 44 = -u*z - 3*h, 25 = 5*h. What are the prime factors of 9/6*z/(-6)?
2
Let a(d) = -d. Let s be a(-4). Suppose 0 = s*i - 3*i - 9. List the prime factors of i.
3
List the prime factors of (-2)/(-7) - -79*(-39)/(-21).
3, 7
Suppose -a - 136 = -3*a. Let o = a - 45. List the prime factors of o.
23
Suppose -6*x + 23 = -73. Let u = 74 - x. List the prime factors of u.
2, 29
Suppose 3*c - 522 = -4*u, -3*u + 2*c + 562 = 162. Suppose -i - 4*h = -u, 4*i - 5*h = 52 + 392. What are the prime factors of 2/(-4) - i/(-8)?
2, 7
Suppose 3*y - 300 = -2*y. Let x = y - 38. Suppose -2*d = -5*b + x - 2, -25 = 5*d. List the prime factors of b.
2
Let q = 40 + 50. Suppose -q = -3*l - 2*l. Suppose -2*t + l = -0*t. List the prime factors of t.
3
Let o(x) = -x**3 - 6*x**2 - 9*x + 7. Let d(z) = -z**3 + z**2. Let w(p) = -2*d(p) + o(p). List the prime factors of w(9).
7
Let n(o) be the second derivative of -2*o**3/3 + o**2 + 9*o. List the 